7/(-5)?
7
Let b(u) = -u**3 + 5*u**2 - 4. Let w be b(5). What is the units digit of 3*3*w/(-6)?
6
Let q(d) = 2*d**2 - d + 1. Let g be (-2 - 1)/3*-1. Let m be q(g). What is the units digit of m/6 - 20/(-3)?
7
Suppose 0*u = 3*u - 6. Suppose -25 + 93 = u*c. What is the tens digit of c?
3
Suppose f + 4*z = 180, -z - 3*z - 16 = 0. What is the tens digit of f?
9
Let o(c) = -c**2 - 2*c - 10. Let m be o(-7). Let r = -25 - m. What is the units digit of r?
0
Suppose 0*m - 5*q = m, 5*m - 4*q = 29. What is the units digit of m?
5
Suppose 10 = 3*h + 2*h. Suppose -6 = -h*u - u. Suppose 4*d - 4 = 0, -x + 3*x - 4 = -u*d. What is the units digit of x?
1
Let k = 31 + -27. Suppose -k*y + 3 = -205. What is the units digit of y?
2
Let b(w) = -w + 3. What is the units digit of b(-5)?
8
Let n = -259 + 551. What is the tens digit of n?
9
Let w = 0 + 22. Suppose -i + 0 = -m + 2, 3*m + 5*i = w. Suppose 18 = m*t - t. What is the units digit of t?
6
Let z = -29 + 44. What is the tens digit of z?
1
Let q(k) = k**3 + k - 27. Let m be q(0). What is the units digit of 6/m - (-209)/9?
3
Suppose 0*z + z = 28. Suppose 4*m + 98 = 30. Let b = m + z. What is the units digit of b?
1
What is the tens digit of (-1 - (-7 + 4))*11?
2
Let z = 10 - 6. Suppose 38 = 5*i + z*b - 2*b, 4*i + 3*b = 29. What is the units digit of i?
8
Let q(u) = -2*u**3 - 6*u**2 + 3*u + 6. Let x(g) = -g**3 - 7*g**2 + 4*g + 5. Let z(v) = 2*q(v) - 3*x(v). What is the units digit of z(8)?
3
Let p(w) = -11*w. What is the tens digit of p(-1)?
1
Let h(u) = 2*u + 42. What is the units digit of h(-11)?
0
Let a be (-3 + 1)/(2/22). Let x = 40 + a. Let k = x + -3. What is the tens digit of k?
1
Let a(h) = -h**3 + h**2 + 13*h + 5. What is the tens digit of a(-5)?
9
Suppose 4*k + k - 20 = 0. Suppose -4*o - 7 = -5*f, 14 = -k*o + 2. Let p = f - -9. What is the units digit of p?
8
Let w = 2 + -6. Let k(v) = v**3 + 10*v**2 + 5*v - 22. Let a be k(-9). Let z = w + a. What is the units digit of z?
0
Suppose -g = -5*j + 4*g + 110, -3*g = j - 34. What is the units digit of j?
5
Let o = 45 - 26. Suppose o + 1 = -5*f. Let y = f + 5. What is the units digit of y?
1
Suppose 0 = -6*x - 19 - 29. What is the tens digit of ((-94)/(-8))/((-2)/x)?
4
What is the hundreds digit of 6/(-1) + 3 - -181?
1
Let h = 51 + -39. What is the units digit of h?
2
Suppose 6 = 3*n, 0 = 3*r + 3*n - 0 - 12. Suppose -2*w + 6 = r. What is the units digit of w?
2
Let j(w) = w**2 - 5*w - 5. Suppose -4*a + 39 - 11 = 0. What is the units digit of j(a)?
9
Suppose -6*y + 2*y = 8. Let p = 4 + y. What is the units digit of ((-4)/p)/((-4)/6)?
3
Let v = 735 + -419. What is the units digit of v?
6
Let j = 64 + -45. What is the tens digit of j?
1
Let g be (-211)/2 - 2/(-4). What is the units digit of (-2)/(-6) + g/(-9)?
2
Suppose 4 = q + 1. Suppose -5*o - 129 = -4*k, 2*o - 19 = -k - q. What is the units digit of k?
6
Let v(d) = -d**2 - 6*d - 4. Let j be v(-3). Suppose -2*w - 5*h - 2 = -11, -3 = w - j*h. What is the units digit of w?
2
Let b = -22 - -31. What is the units digit of (21/b)/(3/9)?
7
Suppose 2*i - 2 = 0, -5*h + 3*i - 2*i - 1 = 0. Suppose 5*x + 2*m - 104 = h, 13 + 17 = x + 5*m. What is the tens digit of x?
2
Let b = 6 + -6. Let w = b + 1. What is the units digit of w?
1
Suppose -4*h - t + 15 = 0, 3*t + 9 + 6 = 0. Suppose 54 = h*c - 2*c. Let r = c - 0. What is the units digit of r?
8
Suppose 80 - 24 = 4*i. Let b = -128 - -121. Let l = b + i. What is the units digit of l?
7
Suppose -77 - 94 = -4*c + r, 4*r + 211 = 5*c. What is the units digit of c?
3
Let k(l) = -l**3 - 5 + 3*l + 3*l**2 + 0*l**2 + l**2. Suppose -7*u + 20 = -2*u. What is the units digit of k(u)?
7
Let b(r) = r + 3. Let k be 2/(8/14)*2. Let z be b(k). Let g = z - -3. What is the units digit of g?
3
Let w be 2 + 3/((-6)/(-16)). Let o = -6 - w. Let s = o + 23. What is the units digit of s?
7
Let d be (1*-3)/(6/(-20)). Suppose 4*k - d = -2. What is the units digit of k + 2/1*1?
4
Let c(o) = 14*o**2 + o - 1. Let w be c(1). Let i = 21 - w. What is the units digit of i?
7
Let b = -96 + 172. What is the tens digit of b?
7
Suppose 3*l - 17 = -4*a, 3*a + 7 + 10 = 2*l. What is the units digit of l?
7
Let i = 2 - -40. What is the units digit of i?
2
Let t = 4 - 2. Suppose t*r - r = 3. Suppose 1 = -r*f + 4. What is the units digit of f?
1
What is the units digit of 1391/7 - (-18)/63?
9
Suppose -3*y = -0*y + 36. Let k = y + 18. What is the units digit of k?
6
Let c(u) = 2*u**2 - u + 1. What is the units digit of c(-3)?
2
Let v(j) = 2*j + 21. What is the units digit of v(-10)?
1
Suppose 0 = -3*a - 3 + 6. Suppose -a = -g - 0. Let i = g + 2. What is the units digit of i?
3
Let o = 44 - 21. Let a = o + 8. What is the tens digit of a?
3
Let y be -1 + -5 - 2 - -1. Let c = 22 - 12. Let o = c + y. What is the units digit of o?
3
Let m = -10 - -15. Suppose 5*n = -3*r + 105, m*r = -n - 4*n + 95. What is the units digit of n?
4
Let z(o) = o - 5. Let m = 17 + -10. Let p be z(m). Let u = 3 + p. What is the units digit of u?
5
Let v(k) = k - 1 + 7*k**2 - 2 + 4 - k**2. What is the units digit of v(-1)?
6
Suppose -20 = -4*i, -3*i + 66 = 3*a - 36. What is the tens digit of a?
2
Suppose 43 = 2*i - 149. What is the units digit of i?
6
Suppose 2*j = -j + 9. Let h(k) = k**2 - 5*k - 10. Let b be h(7). Suppose b*p + 2 = -5*y - j, 5*y = 5*p - 50. What is the units digit of p?
5
Suppose -8 = -5*y + 7. Suppose -3*f - 2*x = 3*x + 10, -3*x - 6 = -y*f. Suppose 5*g + 30 = 3*a - f*g, 5*g - 45 = -2*a. What is the units digit of a?
5
Let w = -13 + 24. Let q(a) = a**3 - 11*a**2 + a - 6. What is the units digit of q(w)?
5
Let n(h) = -h**3 + 4*h**2 + 7*h. Let x = -2 - -7. What is the units digit of n(x)?
0
Suppose c + c = 2. Suppose -4*q - c = -9. Suppose v = q*a - 5, 2*v - 4*a = -v - 5. What is the units digit of v?
5
Let t be (-5)/(-15) + 148/6. Let o = 40 - t. Suppose 0 = -4*f + f + o. What is the units digit of f?
5
Let n(a) = a**2 + 2*a + 5. Let v be n(4). Let c = -7 + v. Let d = c - 13. What is the units digit of d?
9
Let z(m) = 4*m**3 - 4*m**2 + 4*m - 3. What is the units digit of z(2)?
1
Let u = 40 + -6. Let i(j) = -j**2 - 24. Let x be i(0). Let a = u + x. What is the tens digit of a?
1
Let a(h) = -8*h - 15. Let z be a(-6). Suppose 4*u = 141 - z. What is the tens digit of u?
2
Let z be (-7 - -10)*(-4)/(-3). What is the units digit of ((-2)/z)/(3/(-90))?
5
Suppose 2*h + 8*x - 82 = 4*x, -150 = -5*h + x. What is the units digit of h?
1
Suppose -2*t + 3*m + 40 = 0, -2*t + 42 = -m - 3*m. What is the tens digit of t?
1
Suppose o = 5*s - 6, -3*s - 5*o - 4 = -2*s. What is the units digit of 2 - 1/(s/(-2))?
4
Suppose 4*t = 3*n - 93, n + t - 2*t - 30 = 0. What is the tens digit of n?
2
Suppose -8 = -5*j - 43. Let w(b) = -2*b - 13. What is the units digit of w(j)?
1
Let u = 14 - 12. What is the units digit of 1 - (-4 - u/2)?
6
Let u = 1 - -4. Let x = u + -7. What is the units digit of x*(2 + 5/(-2))?
1
Let n be (-1 - (-7 - 0))*8. Let w = n + -19. What is the units digit of w?
9
Suppose 5*d - 6 = -166. Let h = 23 - d. Suppose -u + 17 = -0*u + 4*r, -5*u - 5*r + h = 0. What is the units digit of u?
9
Suppose 0 = -4*a + 4*r + 44, -r - 1 = -4. What is the units digit of a?
4
Let a(w) = -w**3 - w**2 + w - 1. Let r(k) = 3*k**3 - 2*k**2 - 4*k + 8. Let p be 20/6 - 2/(-3). Let t(u) = p*a(u) + r(u). What is the units digit of t(-6)?
4
Let i(o) = 3*o**3 - 3*o**2 + 2*o - 1. What is the units digit of i(2)?
5
Suppose 0 = -5*w - 3*q + 21, -5*q + 2*q = 4*w - 18. Suppose -6 = -3*b + 6, 0 = k - 3*b + w. What is the units digit of k?
9
Suppose v + 4*y = 16, -v - 4*y + 28 = -3*v. Let t be (1/(-2)*v)/1. Suppose -4 - t = -2*q, -z = -q - 3. What is the units digit of z?
6
Suppose 0 = 5*d - 2*d - 75. What is the tens digit of d?
2
Let z(o) = -2*o**3 - 7*o**2 - 4*o. Let j be 8/(-12)*6*1. What is the tens digit of z(j)?
3
Suppose 17*b - 20*b + 24 = 0. What is the units digit of b?
8
Let m = 32 - 18. Let q = -22 - -12. Let u = q + m. What is the units digit of u?
4
Let v be ((-14)/(-35) - 49/10)*2. Suppose 4*b - w + 72 = 0, 3*b + 5 = 2*b - 3*w. Let m = v - b. What is the units digit of m?
8
Let r = -66 + 46. Let u = r - -33. What is the tens digit of u?
1
Let i = 53 - 27. What is the tens digit of i?
2
Suppose -2*c + 3*f + 7 - 22 = 0, -34 = 4*c - 2*f. Let p = -6 - c. Suppose 